{"id":853,"date":"2024-11-04T10:57:25","date_gmt":"2024-11-04T09:57:25","guid":{"rendered":"https:\/\/mjolk.cz\/?post_type=projekt&#038;p=853"},"modified":"2024-11-11T13:20:53","modified_gmt":"2024-11-11T12:20:53","slug":"vez-vokurka","status":"publish","type":"projekt","link":"https:\/\/mjolk.cz\/en\/projekt\/vez-vokurka\/","title":{"rendered":"Tower Cucumber"},"template":"","meta":{"_acf_changed":false,"_breakdance_hide_in_design_set":false,"_breakdance_tags":""},"class_list":["post-853","projekt","type-projekt","status-publish","hentry"],"acf":[],"yoast_head":"<!-- This site is optimized with the Yoast SEO Premium plugin v23.9 (Yoast SEO v25.6) - https:\/\/yoast.com\/wordpress\/plugins\/seo\/ -->\n<title>V\u011b\u017e Vokurka - Mjolk Architekti<\/title>\n<meta name=\"robots\" content=\"index, follow, max-snippet:-1, max-image-preview:large, max-video-preview:-1\" \/>\n<link rel=\"canonical\" href=\"https:\/\/mjolk.cz\/en\/projekt\/vez-vokurka\/\" \/>\n<meta property=\"og:locale\" content=\"en_GB\" \/>\n<meta property=\"og:type\" content=\"article\" \/>\n<meta property=\"og:title\" content=\"V\u011b\u017e Vokurka\" \/>\n<meta property=\"og:description\" content=\"Lokace: He\u0159manice, \u010cRInvestor: obec He\u0159maniceVelikost: 12 m\u00b2Fotografie: Roman Dobe\u0161, Radek Petr\u00e1\u0161ek V\u011b\u017e Vokurka Stav\u011bn\u00ed v otev\u0159en\u00e9 krajin\u011b je neobvyklou architektonickou discipl\u00ednou, ale v severn\u00edch \u010cech\u00e1ch m\u00e1 d\u00edky zdej\u0161\u00edm hor\u00e1m velkou tradici, na kterou r\u00e1di navazujeme. Jeden z na\u0161ich prvn\u00edch projekt\u016f se zrodil kr\u00e1tce po zalo\u017een\u00ed kancel\u00e1\u0159e. T\u00fdden po ukon\u010den\u00ed \u0161koln\u00edch studi\u00ed jsme se p\u0159esunuli do [&hellip;]\" \/>\n<meta property=\"og:url\" content=\"https:\/\/mjolk.cz\/en\/projekt\/vez-vokurka\/\" \/>\n<meta property=\"og:site_name\" content=\"Mjolk Architekti\" \/>\n<meta property=\"article:publisher\" content=\"https:\/\/www.facebook.com\/p\/Mjolk-architekti-100063841531222\/?locale=cs_CZ\" \/>\n<meta property=\"article:modified_time\" content=\"2024-11-11T12:20:53+00:00\" \/>\n<meta name=\"twitter:card\" content=\"summary_large_image\" \/>\n<meta name=\"twitter:site\" content=\"@mjolkarchitekti\" \/>\n<script type=\"application\/ld+json\" class=\"yoast-schema-graph\">{\"@context\":\"https:\/\/schema.org\",\"@graph\":[{\"@type\":\"WebPage\",\"@id\":\"https:\/\/mjolk.cz\/en\/projekt\/vez-vokurka\/\",\"url\":\"https:\/\/mjolk.cz\/en\/projekt\/vez-vokurka\/\",\"name\":\"V\u011b\u017e Vokurka - Mjolk Architekti\",\"isPartOf\":{\"@id\":\"https:\/\/mjolk.cz\/#website\"},\"datePublished\":\"2024-11-04T09:57:25+00:00\",\"dateModified\":\"2024-11-11T12:20:53+00:00\",\"breadcrumb\":{\"@id\":\"https:\/\/mjolk.cz\/en\/projekt\/vez-vokurka\/#breadcrumb\"},\"inLanguage\":\"en-GB\",\"potentialAction\":[{\"@type\":\"ReadAction\",\"target\":[\"https:\/\/mjolk.cz\/en\/projekt\/vez-vokurka\/\"]}]},{\"@type\":\"BreadcrumbList\",\"@id\":\"https:\/\/mjolk.cz\/en\/projekt\/vez-vokurka\/#breadcrumb\",\"itemListElement\":[{\"@type\":\"ListItem\",\"position\":1,\"name\":\"Dom\u016f\",\"item\":\"https:\/\/mjolk.cz\/\"},{\"@type\":\"ListItem\",\"position\":2,\"name\":\"Projekty\",\"item\":\"https:\/\/mjolk.cz\/projekty\/\"},{\"@type\":\"ListItem\",\"position\":3,\"name\":\"V\u011b\u017e Vokurka\"}]},{\"@type\":\"WebSite\",\"@id\":\"https:\/\/mjolk.cz\/#website\",\"url\":\"https:\/\/mjolk.cz\/\",\"name\":\"Mjolk Architekti\",\"description\":\"\",\"publisher\":{\"@id\":\"https:\/\/mjolk.cz\/#organization\"},\"potentialAction\":[{\"@type\":\"SearchAction\",\"target\":{\"@type\":\"EntryPoint\",\"urlTemplate\":\"https:\/\/mjolk.cz\/?s={search_term_string}\"},\"query-input\":{\"@type\":\"PropertyValueSpecification\",\"valueRequired\":true,\"valueName\":\"search_term_string\"}}],\"inLanguage\":\"en-GB\"},{\"@type\":\"Organization\",\"@id\":\"https:\/\/mjolk.cz\/#organization\",\"name\":\"Mjolk Architekti\",\"url\":\"https:\/\/mjolk.cz\/\",\"logo\":{\"@type\":\"ImageObject\",\"inLanguage\":\"en-GB\",\"@id\":\"https:\/\/mjolk.cz\/#\/schema\/logo\/image\/\",\"url\":\"https:\/\/mjolk.cz\/wp-content\/uploads\/2024\/11\/cropped-cropped-mjolk-favicon-180x180-1.jpg\",\"contentUrl\":\"https:\/\/mjolk.cz\/wp-content\/uploads\/2024\/11\/cropped-cropped-mjolk-favicon-180x180-1.jpg\",\"width\":512,\"height\":512,\"caption\":\"Mjolk Architekti\"},\"image\":{\"@id\":\"https:\/\/mjolk.cz\/#\/schema\/logo\/image\/\"},\"sameAs\":[\"https:\/\/www.facebook.com\/p\/Mjolk-architekti-100063841531222\/?locale=cs_CZ\",\"https:\/\/x.com\/mjolkarchitekti\",\"https:\/\/www.instagram.com\/mjolk_architekti\/?hl=cs\"]}]}<\/script>\n<!-- \/ Yoast SEO Premium plugin. -->","yoast_head_json":{"title":"V\u011b\u017e Vokurka - Mjolk Architekti","robots":{"index":"index","follow":"follow","max-snippet":"max-snippet:-1","max-image-preview":"max-image-preview:large","max-video-preview":"max-video-preview:-1"},"canonical":"https:\/\/mjolk.cz\/en\/projekt\/vez-vokurka\/","og_locale":"en_GB","og_type":"article","og_title":"V\u011b\u017e Vokurka","og_description":"Lokace: He\u0159manice, \u010cRInvestor: obec He\u0159maniceVelikost: 12 m\u00b2Fotografie: Roman Dobe\u0161, Radek Petr\u00e1\u0161ek V\u011b\u017e Vokurka Stav\u011bn\u00ed v otev\u0159en\u00e9 krajin\u011b je neobvyklou architektonickou discipl\u00ednou, ale v severn\u00edch \u010cech\u00e1ch m\u00e1 d\u00edky zdej\u0161\u00edm hor\u00e1m velkou tradici, na kterou r\u00e1di navazujeme. Jeden z na\u0161ich prvn\u00edch projekt\u016f se zrodil kr\u00e1tce po zalo\u017een\u00ed kancel\u00e1\u0159e. T\u00fdden po ukon\u010den\u00ed \u0161koln\u00edch studi\u00ed jsme se p\u0159esunuli do [&hellip;]","og_url":"https:\/\/mjolk.cz\/en\/projekt\/vez-vokurka\/","og_site_name":"Mjolk Architekti","article_publisher":"https:\/\/www.facebook.com\/p\/Mjolk-architekti-100063841531222\/?locale=cs_CZ","article_modified_time":"2024-11-11T12:20:53+00:00","twitter_card":"summary_large_image","twitter_site":"@mjolkarchitekti","schema":{"@context":"https:\/\/schema.org","@graph":[{"@type":"WebPage","@id":"https:\/\/mjolk.cz\/en\/projekt\/vez-vokurka\/","url":"https:\/\/mjolk.cz\/en\/projekt\/vez-vokurka\/","name":"V\u011b\u017e Vokurka - Mjolk Architekti","isPartOf":{"@id":"https:\/\/mjolk.cz\/#website"},"datePublished":"2024-11-04T09:57:25+00:00","dateModified":"2024-11-11T12:20:53+00:00","breadcrumb":{"@id":"https:\/\/mjolk.cz\/en\/projekt\/vez-vokurka\/#breadcrumb"},"inLanguage":"en-GB","potentialAction":[{"@type":"ReadAction","target":["https:\/\/mjolk.cz\/en\/projekt\/vez-vokurka\/"]}]},{"@type":"BreadcrumbList","@id":"https:\/\/mjolk.cz\/en\/projekt\/vez-vokurka\/#breadcrumb","itemListElement":[{"@type":"ListItem","position":1,"name":"Dom\u016f","item":"https:\/\/mjolk.cz\/"},{"@type":"ListItem","position":2,"name":"Projekty","item":"https:\/\/mjolk.cz\/projekty\/"},{"@type":"ListItem","position":3,"name":"V\u011b\u017e Vokurka"}]},{"@type":"WebSite","@id":"https:\/\/mjolk.cz\/#website","url":"https:\/\/mjolk.cz\/","name":"Mjolk Architekti","description":"","publisher":{"@id":"https:\/\/mjolk.cz\/#organization"},"potentialAction":[{"@type":"SearchAction","target":{"@type":"EntryPoint","urlTemplate":"https:\/\/mjolk.cz\/?s={search_term_string}"},"query-input":{"@type":"PropertyValueSpecification","valueRequired":true,"valueName":"search_term_string"}}],"inLanguage":"en-GB"},{"@type":"Organization","@id":"https:\/\/mjolk.cz\/#organization","name":"Mjolk Architekti","url":"https:\/\/mjolk.cz\/","logo":{"@type":"ImageObject","inLanguage":"en-GB","@id":"https:\/\/mjolk.cz\/#\/schema\/logo\/image\/","url":"https:\/\/mjolk.cz\/wp-content\/uploads\/2024\/11\/cropped-cropped-mjolk-favicon-180x180-1.jpg","contentUrl":"https:\/\/mjolk.cz\/wp-content\/uploads\/2024\/11\/cropped-cropped-mjolk-favicon-180x180-1.jpg","width":512,"height":512,"caption":"Mjolk Architekti"},"image":{"@id":"https:\/\/mjolk.cz\/#\/schema\/logo\/image\/"},"sameAs":["https:\/\/www.facebook.com\/p\/Mjolk-architekti-100063841531222\/?locale=cs_CZ","https:\/\/x.com\/mjolkarchitekti","https:\/\/www.instagram.com\/mjolk_architekti\/?hl=cs"]}]}},"_links":{"self":[{"href":"https:\/\/mjolk.cz\/en\/wp-json\/wp\/v2\/projekt\/853","targetHints":{"allow":["GET"]}}],"collection":[{"href":"https:\/\/mjolk.cz\/en\/wp-json\/wp\/v2\/projekt"}],"about":[{"href":"https:\/\/mjolk.cz\/en\/wp-json\/wp\/v2\/types\/projekt"}],"wp:attachment":[{"href":"https:\/\/mjolk.cz\/en\/wp-json\/wp\/v2\/media?parent=853"}],"curies":[{"name":"wp","href":"https:\/\/api.w.org\/{rel}","templated":true}]}}

<!-- This site is optimized with the Yoast SEO Premium plugin v23.9 (Yoast SEO v25.6) - https://yoast.com/wordpress/plugins/seo/ -->
<title>Věž Vokurka - Mjolk Architekti</title>
<meta name="robots" content="index, follow, max-snippet:-1, max-image-preview:large, max-video-preview:-1" />
<link rel="canonical" href="https://mjolk.cz/en/projekt/vez-vokurka/" />
<meta property="og:locale" content="en_GB" />
<meta property="og:type" content="article" />
<meta property="og:title" content="Věž Vokurka" />
<meta property="og:description" content="Lokace: Heřmanice, ČRInvestor: obec HeřmaniceVelikost: 12 m²Fotografie: Roman Dobeš, Radek Petrášek Věž Vokurka Stavění v otevřené krajině je neobvyklou architektonickou disciplínou, ale v severních Čechách má díky zdejším horám velkou tradici, na kterou rádi navazujeme. Jeden z našich prvních projektů se zrodil krátce po založení kanceláře. Týden po ukončení školních studií jsme se přesunuli do [&hellip;]" />
<meta property="og:url" content="https://mjolk.cz/en/projekt/vez-vokurka/" />
<meta property="og:site_name" content="Mjolk Architekti" />
<meta property="article:publisher" content="https://www.facebook.com/p/Mjolk-architekti-100063841531222/?locale=cs_CZ" />
<meta property="article:modified_time" content="2024-11-11T12:20:53+00:00" />
<meta name="twitter:card" content="summary_large_image" />
<meta name="twitter:site" content="@mjolkarchitekti" />
<script type="application/ld+json" class="yoast-schema-graph">{"@context":"https://schema.org","@graph":[{"@type":"WebPage","@id":"https://mjolk.cz/en/projekt/vez-vokurka/","url":"https://mjolk.cz/en/projekt/vez-vokurka/","name":"Věž Vokurka - Mjolk Architekti","isPartOf":{"@id":"https://mjolk.cz/#website"},"datePublished":"2024-11-04T09:57:25+00:00","dateModified":"2024-11-11T12:20:53+00:00","breadcrumb":{"@id":"https://mjolk.cz/en/projekt/vez-vokurka/#breadcrumb"},"inLanguage":"en-GB","potentialAction":[{"@type":"ReadAction","target":["https://mjolk.cz/en/projekt/vez-vokurka/"]}]},{"@type":"BreadcrumbList","@id":"https://mjolk.cz/en/projekt/vez-vokurka/#breadcrumb","itemListElement":[{"@type":"ListItem","position":1,"name":"Domů","item":"https://mjolk.cz/"},{"@type":"ListItem","position":2,"name":"Projekty","item":"https://mjolk.cz/projekty/"},{"@type":"ListItem","position":3,"name":"Věž Vokurka"}]},{"@type":"WebSite","@id":"https://mjolk.cz/#website","url":"https://mjolk.cz/","name":"Mjolk Architekti","description":"","publisher":{"@id":"https://mjolk.cz/#organization"},"potentialAction":[{"@type":"SearchAction","target":{"@type":"EntryPoint","urlTemplate":"https://mjolk.cz/?s={search_term_string}"},"query-input":{"@type":"PropertyValueSpecification","valueRequired":true,"valueName":"search_term_string"}}],"inLanguage":"en-GB"},{"@type":"Organization","@id":"https://mjolk.cz/#organization","name":"Mjolk Architekti","url":"https://mjolk.cz/","logo":{"@type":"ImageObject","inLanguage":"en-GB","@id":"https://mjolk.cz/#/schema/logo/image/","url":"https://mjolk.cz/wp-content/uploads/2024/11/cropped-cropped-mjolk-favicon-180x180-1.jpg","contentUrl":"https://mjolk.cz/wp-content/uploads/2024/11/cropped-cropped-mjolk-favicon-180x180-1.jpg","width":512,"height":512,"caption":"Mjolk Architekti"},"image":{"@id":"https://mjolk.cz/#/schema/logo/image/"},"sameAs":["https://www.facebook.com/p/Mjolk-architekti-100063841531222/?locale=cs_CZ","https://x.com/mjolkarchitekti","https://www.instagram.com/mjolk_architekti/?hl=cs"]}]}</script>
<!-- / Yoast SEO Premium plugin. -->

Věž Vokurka - Mjolk Architekti

Věž Vokurka

Lokace: Heřmanice, ČRInvestor: obec HeřmaniceVelikost: 12 m²Fotografie: Roman Dobeš, Radek Petrášek Věž Vokurka Stavění v otevřené krajině je neobvyklou architektonickou disciplínou, ale v severních Čechách má díky zdejším horám velkou tradici, na kterou rádi navazujeme. Jeden z našich prvních projektů se zrodil krátce po založení kanceláře. Týden po ukončení školních studií jsme se přesunuli do [&hellip;]

Domů
